{"id":966,"date":"2020-03-08T20:06:11","date_gmt":"2020-03-08T19:06:11","guid":{"rendered":"https:\/\/www.led-llt.eu\/?post_type=product&#038;p=966"},"modified":"2020-03-08T20:07:07","modified_gmt":"2020-03-08T19:07:07","slug":"803006-18w-36w-54w","status":"publish","type":"product","link":"https:\/\/www.led-llt.eu\/?product=803006-18w-36w-54w","title":{"rendered":"803006 &#8211; 18W\/36W\/54W"},"content":{"rendered":"<p>Pou\u017eit\u00ed -Osv\u011btlen\u00ed chladic\u00edch sklad\u016f a osv\u011btlen\u00ed chladn\u00fdch \u0159et\u011bz\u016f, parkovi\u0161t\u011b, supermarket, potravin\u00e1\u0159sk\u00e1 tov\u00e1rna<\/p>\n<p><img decoding=\"async\" loading=\"lazy\" class=\"alignnone size-medium wp-image-545\" src=\"https:\/\/www.led-llt.eu\/wp-content\/uploads\/2020\/03\/20190605015458247-300x144.jpg\" alt=\"\" width=\"300\" height=\"144\" \/> <img decoding=\"async\" loading=\"lazy\" class=\"alignnone size-medium wp-image-546\" src=\"https:\/\/www.led-llt.eu\/wp-content\/uploads\/2020\/03\/20190605015458944-300x111.jpg\" alt=\"\" width=\"300\" height=\"111\" \/><img decoding=\"async\" loading=\"lazy\" class=\"alignnone size-medium wp-image-544\" src=\"https:\/\/www.led-llt.eu\/wp-content\/uploads\/2020\/03\/20190605015458192-300x106.jpg\" alt=\"\" width=\"300\" height=\"106\" \/><\/p>\n<p>&nbsp;<\/p>\n","protected":false},"excerpt":{"rendered":"<h4>Vlastnosti<\/h4>\n<p>\u2022 Struktura je nov\u00e1 a vzhled je kr\u00e1sn\u00fd<\/p>\n<p>\u2022 vysok\u00e1 \u00fa\u010dinnost a \u00faspora energie, sv\u011bteln\u00e1 \u00fa\u010dinnost a\u017e 85LM \/ W<\/p>\n<p>\u2022 \u017divotnost n\u00e1vrhu je a\u017e 50000H nebo v\u00edce<\/p>\n<p>\u2022 m\u011bkk\u00e9 sv\u011btlo, jednotn\u00fd jas<\/p>\n<p>\u2022 produkt je bezpe\u010dn\u00fd a spolehliv\u00fd, vodot\u011bsn\u00fd IP65<\/p>\n<p>\u2022 produkt je ekologick\u00fd a \u0161etrn\u00fd k \u017eivotn\u00edmu prost\u0159ed\u00ed<\/p>\n","protected":false},"featured_media":967,"comment_status":"open","ping_status":"closed","template":"","meta":{"_et_pb_use_builder":"","_et_pb_old_content":"","_et_gb_content_width":""},"_links":{"self":[{"href":"https:\/\/www.led-llt.eu\/index.php?rest_route=\/wp\/v2\/product\/966"}],"collection":[{"href":"https:\/\/www.led-llt.eu\/index.php?rest_route=\/wp\/v2\/product"}],"about":[{"href":"https:\/\/www.led-llt.eu\/index.php?rest_route=\/wp\/v2\/types\/product"}],"replies":[{"embeddable":true,"href":"https:\/\/www.led-llt.eu\/index.php?rest_route=%2Fwp%2Fv2%2Fcomments&post=966"}],"wp:featuredmedia":[{"embeddable":true,"href":"https:\/\/www.led-llt.eu\/index.php?rest_route=\/wp\/v2\/media\/967"}],"wp:attachment":[{"href":"https:\/\/www.led-llt.eu\/index.php?rest_route=%2Fwp%2Fv2%2Fmedia&parent=966"}],"curies":[{"name":"wp","href":"https:\/\/api.w.org\/{rel}","templated":true}]}}