{"id":566,"date":"2020-03-03T09:34:42","date_gmt":"2020-03-03T08:34:42","guid":{"rendered":"https:\/\/www.led-llt.eu\/?post_type=product&#038;p=566"},"modified":"2021-01-04T02:35:56","modified_gmt":"2021-01-04T01:35:56","slug":"204003-ramecek","status":"publish","type":"product","link":"https:\/\/www.led-llt.eu\/?product=204003-ramecek","title":{"rendered":"204003 &#8211; R\u00e1me\u010dek"},"content":{"rendered":"<p>Pou\u017e\u00edv\u00e1 se pro panelov\u00e9 sv\u011btlo o rozm\u011brech:<\/p>\n<table border=\"1\" cellspacing=\"1\" cellpadding=\"1\">\n<tbody>\n<tr>\n<td>599 x 599 x 50<\/td>\n<td>624\u00a0x 624 x\u00a050<\/td>\n<td>299\u00a0x 1199 x\u00a050<\/td>\n<td>599\u00a0x 1199 x\u00a050<\/td>\n<td>299\u00a0x 299 x 50<\/td>\n<td>299 x 299 x 50<\/td>\n<\/tr>\n<\/tbody>\n<\/table>\n<p><img decoding=\"async\" loading=\"lazy\" class=\"alignnone size-medium wp-image-571\" src=\"https:\/\/www.led-llt.eu\/wp-content\/uploads\/2020\/03\/20190617104655394-300x167.jpg\" alt=\"\" width=\"300\" height=\"167\" \/><\/p>\n","protected":false},"excerpt":{"rendered":"<h4>Vlastnosti<\/h4>\n<p>Pro instalaci panelu sv\u011btla. Konzola pro mont\u00e1\u017e na povrch<br \/>\nMateri\u00e1l: Leteck\u00e1 hlin\u00edkov\u00e1 slitina<br \/>\nBarva: st\u0159\u00edbrn\u00e1, leskl\u00e1 b\u00edl\u00e1, matn\u00e1 b\u00edl\u00e1<\/p>\n","protected":false},"featured_media":570,"comment_status":"open","ping_status":"closed","template":"","meta":{"_et_pb_use_builder":"","_et_pb_old_content":"","_et_gb_content_width":""},"_links":{"self":[{"href":"https:\/\/www.led-llt.eu\/index.php?rest_route=\/wp\/v2\/product\/566"}],"collection":[{"href":"https:\/\/www.led-llt.eu\/index.php?rest_route=\/wp\/v2\/product"}],"about":[{"href":"https:\/\/www.led-llt.eu\/index.php?rest_route=\/wp\/v2\/types\/product"}],"replies":[{"embeddable":true,"href":"https:\/\/www.led-llt.eu\/index.php?rest_route=%2Fwp%2Fv2%2Fcomments&post=566"}],"wp:featuredmedia":[{"embeddable":true,"href":"https:\/\/www.led-llt.eu\/index.php?rest_route=\/wp\/v2\/media\/570"}],"wp:attachment":[{"href":"https:\/\/www.led-llt.eu\/index.php?rest_route=%2Fwp%2Fv2%2Fmedia&parent=566"}],"curies":[{"name":"wp","href":"https:\/\/api.w.org\/{rel}","templated":true}]}}