{"id":462,"date":"2020-03-02T17:55:37","date_gmt":"2020-03-02T16:55:37","guid":{"rendered":"https:\/\/www.led-llt.eu\/?post_type=product&#038;p=462"},"modified":"2021-03-14T18:19:40","modified_gmt":"2021-03-14T17:19:40","slug":"101010-600w","status":"publish","type":"product","link":"https:\/\/www.led-llt.eu\/?product=101010-600w","title":{"rendered":"101010 &#8211; 600W"},"content":{"rendered":"<p>Pou\u017eit\u00ed &#8211; Sportovn\u00ed za\u0159\u00edzen\u00ed &#8211; Baseball, Softball, Golf, Tennis atd.<\/p>\n<table style=\"height: 123px;\" border=\"0\" width=\"970\" cellspacing=\"0\" cellpadding=\"0\">\n<tbody>\n<tr>\n<td style=\"width: 515.6px;\" colspan=\"5\"><span lang=\"EN-US\">\u00a0Body : Lit\u00fd hlin\u00edk<\/span><\/td>\n<td style=\"width: 448.4px;\" colspan=\"4\">\u25a0<span lang=\"EN-US\"> Distribuce sv\u011btla: 15\u00ba\u00a0\/ 30\u00ba\u00a0\/ 45\u00ba<\/span><\/td>\n<\/tr>\n<tr>\n<td style=\"width: 515.6px;\" colspan=\"5\">\u25a0<span lang=\"EN-US\"> Cover : Sklo 3.2T (\u010dir\u00e9), \u00a0Anti UV\u00a0<\/span><\/td>\n<td style=\"width: 448.4px;\" colspan=\"4\">\u25a0<span lang=\"EN-US\"> \u0158\u00eddic\u00ed syst\u00e9m: Bezdr\u00e1tov\u00e9 \/ kabelov\u00e9 (RS-485)<\/span><\/td>\n<\/tr>\n<tr>\n<td style=\"width: 515.6px;\" colspan=\"5\">\u25a0<span lang=\"EN-US\"> Finish : Pr\u00e1\u0161kov\u00e9 lakov\u00e1n\u00ed<\/span><\/td>\n<\/tr>\n<tr>\n<td style=\"width: 515.6px;\" colspan=\"5\"><\/td>\n<\/tr>\n<\/tbody>\n<\/table>\n<p><img decoding=\"async\" loading=\"lazy\" class=\"alignnone size-medium wp-image-463\" src=\"https:\/\/www.led-llt.eu\/wp-content\/uploads\/2020\/03\/large_7d4a81a60111125dbe766ff52f1006393-300x134.png\" alt=\"\" width=\"300\" height=\"134\" \/> <img decoding=\"async\" loading=\"lazy\" class=\"alignnone size-medium wp-image-464\" src=\"https:\/\/www.led-llt.eu\/wp-content\/uploads\/2020\/03\/large_7d4a81a60111125dbe766ff52f1006392-300x134.png\" alt=\"\" width=\"300\" height=\"134\" \/> <img decoding=\"async\" loading=\"lazy\" class=\"alignnone size-medium wp-image-465\" src=\"https:\/\/www.led-llt.eu\/wp-content\/uploads\/2020\/03\/large_7d4a81a60111125dbe766ff52f1006391-300x134.png\" alt=\"\" width=\"300\" height=\"134\" \/> <img decoding=\"async\" loading=\"lazy\" class=\"alignnone size-medium wp-image-466\" src=\"https:\/\/www.led-llt.eu\/wp-content\/uploads\/2020\/03\/large_7d4a81a60111125dbe766ff52f1006390-300x134.png\" alt=\"\" width=\"300\" height=\"134\" \/><\/p>\n<p>&nbsp;<\/p>\n","protected":false},"excerpt":{"rendered":"<h4>Nejlep\u0161\u00ed technologie pro dosa\u017een\u00ed vysok\u00e9 \u00fa\u010dinnosti a m\u00e9n\u011b optick\u00e9ho v\u00fdkonu odlesku<\/h4>\n<p>Neosl\u0148uj\u00edc\u00ed z \u00fazk\u00e9ho paprsku reflektoru<br \/>\nBez blik\u00e1n\u00ed prok\u00e1z\u00e1no a\u017e 1500 sn\u00edmk\u016f\/s<br \/>\nVysok\u00fd obsah CRI a R9 lep\u0161\u00ed viditelnost<br \/>\nPropojen\u00ed s kabelov\u00fdm a bezdr\u00e1tov\u00fdm \u0159\u00eddic\u00edm syst\u00e9mem i pro ovl\u00e1d\u00e1n\u00ed osv\u011btlen\u00ed ud\u00e1lost\u00ed<\/p>\n","protected":false},"featured_media":467,"comment_status":"open","ping_status":"closed","template":"","meta":{"_et_pb_use_builder":"","_et_pb_old_content":"","_et_gb_content_width":""},"_links":{"self":[{"href":"https:\/\/www.led-llt.eu\/index.php?rest_route=\/wp\/v2\/product\/462"}],"collection":[{"href":"https:\/\/www.led-llt.eu\/index.php?rest_route=\/wp\/v2\/product"}],"about":[{"href":"https:\/\/www.led-llt.eu\/index.php?rest_route=\/wp\/v2\/types\/product"}],"replies":[{"embeddable":true,"href":"https:\/\/www.led-llt.eu\/index.php?rest_route=%2Fwp%2Fv2%2Fcomments&post=462"}],"wp:featuredmedia":[{"embeddable":true,"href":"https:\/\/www.led-llt.eu\/index.php?rest_route=\/wp\/v2\/media\/467"}],"wp:attachment":[{"href":"https:\/\/www.led-llt.eu\/index.php?rest_route=%2Fwp%2Fv2%2Fmedia&parent=462"}],"curies":[{"name":"wp","href":"https:\/\/api.w.org\/{rel}","templated":true}]}}