{"id":433,"date":"2020-03-02T15:45:09","date_gmt":"2020-03-02T14:45:09","guid":{"rendered":"https:\/\/www.led-llt.eu\/?post_type=product&#038;p=433"},"modified":"2023-10-30T04:57:44","modified_gmt":"2023-10-30T03:57:44","slug":"101005-800w","status":"publish","type":"product","link":"https:\/\/www.led-llt.eu\/?product=101005-800w","title":{"rendered":"101005 &#8211; 800W"},"content":{"rendered":"<p>Pou\u017eit\u00ed &#8211; Sportovn\u00ed za\u0159\u00edzen\u00ed &#8211; baseball, golf, tenis, softball, kriket atd.<\/p>\n<table style=\"height: 93px;\" border=\"0\" width=\"935\" cellspacing=\"0\" cellpadding=\"0\">\n<tbody>\n<tr>\n<td style=\"width: 497.2px;\" colspan=\"5\"><span lang=\"EN-US\">\u00a0Body : Lit\u00fd hlin\u00edk<\/span><\/td>\n<td style=\"width: 431.6px;\" colspan=\"4\">\u25a0<span lang=\"EN-US\"> Distribuce sv\u011btla: 20\u00ba, 30\u00ba<\/span><\/td>\n<\/tr>\n<tr>\n<td style=\"width: 497.2px;\" colspan=\"5\">\u25a0<span lang=\"EN-US\"> Cover : Sklo 4.0T (\u010dir\u00e9), Anti UV<\/span><\/td>\n<td style=\"width: 431.6px;\" colspan=\"4\">\u25a0<span lang=\"EN-US\"> \u0158\u00eddic\u00ed syst\u00e9m: Kabelov\u00e9 (RS-485, DMX512), bezdr\u00e1tov\u00e9, NEMA-7<\/span><\/td>\n<\/tr>\n<tr>\n<td style=\"width: 497.2px;\" colspan=\"5\">\u25a0<span lang=\"EN-US\"> Finish : Pr\u00e1\u0161kov\u00e9 lakov\u00e1n\u00ed<\/span><\/td>\n<\/tr>\n<tr>\n<td style=\"width: 497.2px;\" colspan=\"5\"><\/td>\n<\/tr>\n<\/tbody>\n<\/table>\n<p><img decoding=\"async\" loading=\"lazy\" class=\"alignnone size-medium wp-image-434\" src=\"https:\/\/www.led-llt.eu\/wp-content\/uploads\/2020\/03\/large_04bbb84b2f9b6b959b48259c0ea867a43-2-300x134.png\" alt=\"\" width=\"300\" height=\"134\" \/> <img decoding=\"async\" loading=\"lazy\" class=\"alignnone size-medium wp-image-435\" src=\"https:\/\/www.led-llt.eu\/wp-content\/uploads\/2020\/03\/large_04bbb84b2f9b6b959b48259c0ea867a40-300x134.png\" alt=\"\" width=\"300\" height=\"134\" \/> <img decoding=\"async\" loading=\"lazy\" class=\"alignnone size-medium wp-image-436\" src=\"https:\/\/www.led-llt.eu\/wp-content\/uploads\/2020\/03\/large_04bbb84b2f9b6b959b48259c0ea867a41-300x134.png\" alt=\"\" width=\"300\" height=\"134\" \/> <img decoding=\"async\" loading=\"lazy\" class=\"alignnone size-medium wp-image-437\" src=\"https:\/\/www.led-llt.eu\/wp-content\/uploads\/2020\/03\/large_04bbb84b2f9b6b959b48259c0ea867a42-300x134.png\" alt=\"\" width=\"300\" height=\"134\" \/><\/p>\n<p>&nbsp;<\/p>\n","protected":false},"excerpt":{"rendered":"<h4>Vysok\u00e1 sv\u011bteln\u00e1 \u00fa\u010dinnost<\/h4>\n<p>Nejlep\u0161\u00ed n\u00e1hrada 1: 1 za 2kW HID<br \/>\nNeosl\u0148uj\u00edc\u00ed a \u017e\u00e1dn\u00e9 sv\u011bteln\u00e9 zne\u010di\u0161t\u011bn\u00ed z \u00dazk\u00fd reflektor<br \/>\nBez blik\u00e1n\u00ed prok\u00e1z\u00e1no a\u013e 1500 fps ultra zpomalen\u00e9<br \/>\nVysok\u00fd obsah CRI a R9 lep\u0161\u00ed viditelnost<br \/>\nPropojen\u00ed s kabelov\u00fdm \u0159\u00eddic\u00edm syst\u00e9mem i pro ovl\u00e1d\u00e1n\u00ed osv\u011btlen\u00ed ud\u00e1lost\u00ed<\/p>\n","protected":false},"featured_media":438,"comment_status":"open","ping_status":"closed","template":"","meta":{"_et_pb_use_builder":"","_et_pb_old_content":"","_et_gb_content_width":""},"_links":{"self":[{"href":"https:\/\/www.led-llt.eu\/index.php?rest_route=\/wp\/v2\/product\/433"}],"collection":[{"href":"https:\/\/www.led-llt.eu\/index.php?rest_route=\/wp\/v2\/product"}],"about":[{"href":"https:\/\/www.led-llt.eu\/index.php?rest_route=\/wp\/v2\/types\/product"}],"replies":[{"embeddable":true,"href":"https:\/\/www.led-llt.eu\/index.php?rest_route=%2Fwp%2Fv2%2Fcomments&post=433"}],"wp:featuredmedia":[{"embeddable":true,"href":"https:\/\/www.led-llt.eu\/index.php?rest_route=\/wp\/v2\/media\/438"}],"wp:attachment":[{"href":"https:\/\/www.led-llt.eu\/index.php?rest_route=%2Fwp%2Fv2%2Fmedia&parent=433"}],"curies":[{"name":"wp","href":"https:\/\/api.w.org\/{rel}","templated":true}]}}