{"id":418,"date":"2020-03-02T15:27:25","date_gmt":"2020-03-02T14:27:25","guid":{"rendered":"https:\/\/www.led-llt.eu\/?post_type=product&#038;p=418"},"modified":"2020-03-02T15:32:57","modified_gmt":"2020-03-02T14:32:57","slug":"101003-1200w","status":"publish","type":"product","link":"https:\/\/www.led-llt.eu\/?product=101003-1200w","title":{"rendered":"101003 &#8211; 1200W"},"content":{"rendered":"<p>Sportovn\u00ed za\u0159\u00edzen\u00ed &#8211; baseball, golf, tenis, softball, kriket atd.<\/p>\n<table style=\"height: 93px;\" border=\"0\" width=\"935\" cellspacing=\"0\" cellpadding=\"0\">\n<tbody>\n<tr>\n<td style=\"width: 497.2px;\" colspan=\"5\"><span lang=\"EN-US\">\u00a0Body : Lit\u00fd hlin\u00edk<\/span><\/td>\n<td style=\"width: 431.6px;\" colspan=\"4\">\u25a0<span lang=\"EN-US\"> Distribuce sv\u011btla: 15 \u00b0 \/ 30 \u00b0 \/ 45 \u00b0<\/span><\/td>\n<\/tr>\n<tr>\n<td style=\"width: 497.2px;\" colspan=\"5\">\u25a0<span lang=\"EN-US\"> Cover : Tvrzen\u00e9 sklo 3.2T (\u010dir\u00e9)<\/span><\/td>\n<td style=\"width: 431.6px;\" colspan=\"4\">\u25a0<span lang=\"EN-US\"> \u0158\u00eddic\u00ed syst\u00e9m: Kabelov\u00e9 (RS-485)<\/span><\/td>\n<\/tr>\n<tr>\n<td style=\"width: 497.2px;\" colspan=\"5\">\u25a0<span lang=\"EN-US\"> Finish : Pr\u00e1\u0161kov\u00e9 lakov\u00e1n\u00ed<\/span><\/td>\n<\/tr>\n<tr>\n<td style=\"width: 497.2px;\" colspan=\"5\">\u25a0 Mo\u017enost mont\u00e1\u017ee: Mont\u00e1\u017e na ze\u010f<\/td>\n<\/tr>\n<\/tbody>\n<\/table>\n<p><img decoding=\"async\" loading=\"lazy\" class=\"alignnone size-medium wp-image-422\" src=\"https:\/\/www.led-llt.eu\/wp-content\/uploads\/2020\/03\/large_22208666bfd3c318c06713ddaac4ff8d0-300x134.png\" alt=\"\" width=\"300\" height=\"134\" \/> <img decoding=\"async\" loading=\"lazy\" class=\"alignnone size-medium wp-image-423\" src=\"https:\/\/www.led-llt.eu\/wp-content\/uploads\/2020\/03\/large_22208666bfd3c318c06713ddaac4ff8d1-300x134.png\" alt=\"\" width=\"300\" height=\"134\" \/> <img decoding=\"async\" loading=\"lazy\" class=\"alignnone size-medium wp-image-424\" src=\"https:\/\/www.led-llt.eu\/wp-content\/uploads\/2020\/03\/large_22208666bfd3c318c06713ddaac4ff8d2-300x134.png\" alt=\"\" width=\"300\" height=\"134\" \/> <img decoding=\"async\" loading=\"lazy\" class=\"alignnone size-medium wp-image-425\" src=\"https:\/\/www.led-llt.eu\/wp-content\/uploads\/2020\/03\/large_a43939a0524aba9cceb2d435d02f07a20-300x134.png\" alt=\"\" width=\"300\" height=\"134\" \/><\/p>\n<p>&nbsp;<\/p>\n","protected":false},"excerpt":{"rendered":"<h4><strong>Nejlep\u0161\u00ed technologie pro dosa\u017een\u00ed vysok\u00e9 \u00fa\u010dinnosti a m\u00e9n\u011b optick\u00e9ho v\u00fdkonu odlesku<\/strong><\/h4>\n<p>Neosl\u0148uj\u00edc\u00ed z \u00fazk\u00e9ho paprsku reflektoru<br \/>\nBez blik\u00e1n\u00ed prok\u00e1z\u00e1no a\u017e 1500 sn\u00edmk\u016f\/s<br \/>\nVysok\u00fd obsah CRI a R9 lep\u0161\u00ed viditelnost<br \/>\nPropojen\u00ed s kabelov\u00fdm \u0159\u00eddic\u00edm syst\u00e9mem i pro ovl\u00e1d\u00e1n\u00ed osv\u011btlen\u00ed ud\u00e1lost\u00ed<\/p>\n","protected":false},"featured_media":419,"comment_status":"open","ping_status":"closed","template":"","meta":{"_et_pb_use_builder":"","_et_pb_old_content":"","_et_gb_content_width":""},"_links":{"self":[{"href":"https:\/\/www.led-llt.eu\/index.php?rest_route=\/wp\/v2\/product\/418"}],"collection":[{"href":"https:\/\/www.led-llt.eu\/index.php?rest_route=\/wp\/v2\/product"}],"about":[{"href":"https:\/\/www.led-llt.eu\/index.php?rest_route=\/wp\/v2\/types\/product"}],"replies":[{"embeddable":true,"href":"https:\/\/www.led-llt.eu\/index.php?rest_route=%2Fwp%2Fv2%2Fcomments&post=418"}],"wp:featuredmedia":[{"embeddable":true,"href":"https:\/\/www.led-llt.eu\/index.php?rest_route=\/wp\/v2\/media\/419"}],"wp:attachment":[{"href":"https:\/\/www.led-llt.eu\/index.php?rest_route=%2Fwp%2Fv2%2Fmedia&parent=418"}],"curies":[{"name":"wp","href":"https:\/\/api.w.org\/{rel}","templated":true}]}}