{"id":1193,"date":"2020-03-25T18:03:07","date_gmt":"2020-03-25T17:03:07","guid":{"rendered":"https:\/\/www.led-llt.eu\/?post_type=product&#038;p=1193"},"modified":"2020-03-25T18:58:14","modified_gmt":"2020-03-25T17:58:14","slug":"804006-28w-30w-40w-43w-60w","status":"publish","type":"product","link":"https:\/\/www.led-llt.eu\/?product=804006-28w-30w-40w-43w-60w","title":{"rendered":"604006 &#8211; 28W\/30W\/40W\/43W\/60W"},"content":{"rendered":"<p>Pou\u017eit\u00ed &#8211; Opera\u010dn\u00ed s\u00e1l, Nemocnice, zubn\u00ed kliniky a plastick\u00e9 chirurgie, Laborato\u0159 biologie a medic\u00edny, muzeum atd.<\/p>\n<p>&nbsp;<\/p>\n","protected":false},"excerpt":{"rendered":"<h4>Kl\u00ed\u010dov\u00e9 vlastnosti<\/h4>\n<p>Vlastnosti produktu:<br \/>\n&#8211; Design m\u0159\u00ed\u017eky integrace produktu, stru\u010dn\u00e1 m\u00f3da, robustn\u00ed a trvanliv\u00e9 v\u00fdrobky.<br \/>\n&#8211; V\u00fdrobky s vysokou propustnost\u00ed pro dif\u00fazn\u00ed desku PC, vysokou sv\u011btelnou \u00fa\u010dinnost, sv\u011btelnou uniformu, m\u011bkk\u00e9.<br \/>\n&#8211; Pou\u017e\u00edvejte dov\u00e1\u017een\u00fd zdroj sv\u011btla LED \u010dip, konstantn\u00ed proudov\u00fd v\u00fdkon, sv\u011bteln\u00e1 \u00fa\u010dinnost je v\u00edce ne\u017e 85 lm \/ W, blik\u00e1n\u00ed sv\u011btla, bez osln\u011bn\u00ed se zdravou funkc\u00ed o\u010d\u00ed.<br \/>\n&#8211; Integrace struktury t\u011bla \u017e\u00e1rovky, dobr\u00fd \u00fa\u010dinek odv\u00e1d\u011bn\u00ed tepla, \u00fa\u010dinn\u011b zaji\u0161\u0165uje stabilitu a \u017eivotnost zdroje sv\u011btla LED.<\/p>\n","protected":false},"featured_media":1194,"comment_status":"open","ping_status":"closed","template":"","meta":{"_et_pb_use_builder":"","_et_pb_old_content":"","_et_gb_content_width":""},"_links":{"self":[{"href":"https:\/\/www.led-llt.eu\/index.php?rest_route=\/wp\/v2\/product\/1193"}],"collection":[{"href":"https:\/\/www.led-llt.eu\/index.php?rest_route=\/wp\/v2\/product"}],"about":[{"href":"https:\/\/www.led-llt.eu\/index.php?rest_route=\/wp\/v2\/types\/product"}],"replies":[{"embeddable":true,"href":"https:\/\/www.led-llt.eu\/index.php?rest_route=%2Fwp%2Fv2%2Fcomments&post=1193"}],"wp:featuredmedia":[{"embeddable":true,"href":"https:\/\/www.led-llt.eu\/index.php?rest_route=\/wp\/v2\/media\/1194"}],"wp:attachment":[{"href":"https:\/\/www.led-llt.eu\/index.php?rest_route=%2Fwp%2Fv2%2Fmedia&parent=1193"}],"curies":[{"name":"wp","href":"https:\/\/api.w.org\/{rel}","templated":true}]}}